{"id":231907,"date":"2025-06-30T00:02:03","date_gmt":"2025-06-30T00:02:03","guid":{"rendered":"https:\/\/ludivine-solera.com\/boutique\/?post_type=product&#038;p=231907"},"modified":"2025-07-20T15:12:27","modified_gmt":"2025-07-20T15:12:27","slug":"abonnement-volupte","status":"publish","type":"product","link":"https:\/\/ludivine-solera.com\/boutique\/produit\/abonnement-volupte\/","title":{"rendered":"Volupt\u00e9"},"content":{"rendered":"<p><img loading=\"lazy\" decoding=\"async\" width=\"300\" height=\"225\" class=\"size-medium wp-image-231908 alignleft\" src=\"https:\/\/ludivine-solera.com\/boutique\/wp-content\/uploads\/2025\/06\/volupte-1-300x225.jpg\" alt=\"\" srcset=\"https:\/\/ludivine-solera.com\/boutique\/wp-content\/uploads\/2025\/06\/volupte-1-300x225.jpg 300w, https:\/\/ludivine-solera.com\/boutique\/wp-content\/uploads\/2025\/06\/volupte-1-416x312.jpg 416w, https:\/\/ludivine-solera.com\/boutique\/wp-content\/uploads\/2025\/06\/volupte-1-768x576.jpg 768w, https:\/\/ludivine-solera.com\/boutique\/wp-content\/uploads\/2025\/06\/volupte-1.jpg 1024w\" sizes=\"auto, (max-width: 300px) 100vw, 300px\" \/><span class=\"selected\">L&rsquo;abonnement Volupt\u00e9 t&rsquo;ouvre les portes de l&rsquo;abondance sensorielle de l&rsquo;\u00cele Divine. Chaque mois, renouvelle ta plong\u00e9e dans un oc\u00e9an de sensations vibrantes et de plaisirs exub\u00e9rants. C&rsquo;est l&rsquo;invitation \u00e0 un abandon joyeux, \u00e0 une exploration sans limite des profondeurs de ton d\u00e9sir. Laisse la volupt\u00e9 t&rsquo;envelopper, et chaque fibre de ton \u00eatre s&rsquo;\u00e9panouir dans une pl\u00e9nitude ardente.<\/span><\/p>\n","protected":false},"excerpt":{"rendered":"<p><span class=\"selected\">Un abonnement mensuel pour une exploration opulente de la sensation. Plonge dans l&rsquo;abondance des plaisirs et laisse l&rsquo;\u00cele Divine t&rsquo;envelopper de volupt\u00e9 chaque mois.<\/span><\/p>\n","protected":false},"featured_media":231908,"template":"","meta":[],"product_brand":[],"product_cat":[61],"product_tag":[],"class_list":{"0":"post-231907","1":"product","2":"type-product","3":"status-publish","4":"has-post-thumbnail","6":"product_cat-abonnements","8":"first","9":"instock","10":"featured","11":"virtual","12":"purchasable","13":"product-type-subscription"},"_links":{"self":[{"href":"https:\/\/ludivine-solera.com\/boutique\/wp-json\/wp\/v2\/product\/231907","targetHints":{"allow":["GET"]}}],"collection":[{"href":"https:\/\/ludivine-solera.com\/boutique\/wp-json\/wp\/v2\/product"}],"about":[{"href":"https:\/\/ludivine-solera.com\/boutique\/wp-json\/wp\/v2\/types\/product"}],"wp:featuredmedia":[{"embeddable":true,"href":"https:\/\/ludivine-solera.com\/boutique\/wp-json\/wp\/v2\/media\/231908"}],"wp:attachment":[{"href":"https:\/\/ludivine-solera.com\/boutique\/wp-json\/wp\/v2\/media?parent=231907"}],"wp:term":[{"taxonomy":"product_brand","embeddable":true,"href":"https:\/\/ludivine-solera.com\/boutique\/wp-json\/wp\/v2\/product_brand?post=231907"},{"taxonomy":"product_cat","embeddable":true,"href":"https:\/\/ludivine-solera.com\/boutique\/wp-json\/wp\/v2\/product_cat?post=231907"},{"taxonomy":"product_tag","embeddable":true,"href":"https:\/\/ludivine-solera.com\/boutique\/wp-json\/wp\/v2\/product_tag?post=231907"}],"curies":[{"name":"wp","href":"https:\/\/api.w.org\/{rel}","templated":true}]}}